s the greatest common factor of 79120 and 107640?
920
Calculate the highest common divisor of 134892 and 70421118.
7494
What is the greatest common factor of 119808 and 284193?
117
What is the greatest common divisor of 10 and 2031959900?
10
What is the greatest common factor of 2620709 and 1215851?
2821
Calculate the highest common divisor of 305378467 and 691.
691
What is the highest common divisor of 71130 and 1536?
6
Calculate the greatest common factor of 2349 and 142161741.
261
What is the highest common factor of 84 and 21780164?
28
Calculate the greatest common divisor of 680 and 7426450.
170
Calculate the highest common factor of 6391329 and 49.
7
What is the highest common factor of 420 and 153658708?
28
What is the greatest common factor of 12556366 and 14394?
4798
Calculate the greatest common divisor of 435740 and 15.
5
Calculate the greatest common divisor of 77605 and 5727.
83
Calculate the highest common factor of 45 and 76870305.
45
What is the highest common divisor of 953 and 958?
1
What is the highest common divisor of 413 and 102727850?
59
What is the greatest common divisor of 1700 and 33424?
4
Calculate the highest common divisor of 99153423 and 54.
27
What is the greatest common factor of 84436572 and 726?
66
What is the greatest common divisor of 7280694 and 18?
18
Calculate the highest common divisor of 44456 and 24232.
8
Calculate the highest common factor of 17110285 and 15.
5
Calculate the greatest common factor of 6960 and 9833958.
174
What is the greatest common divisor of 245795082 and 3198?
3198
What is the highest common divisor of 7265384 and 2362976?
7672
Calculate the greatest common factor of 710694 and 31458.
642
Calculate the highest common factor of 7264 and 18358852.
908
What is the greatest common divisor of 788970 and 557515?
595
What is the greatest common divisor of 5 and 279010?
5
Calculate the highest common divisor of 47124 and 1217304.
396
Calculate the highest common factor of 42028694 and 2.
2
What is the greatest common factor of 1276 and 175298794?
638
Calculate the highest common factor of 51199490 and 110.
10
What is the highest common divisor of 364081668 and 2724?
2724
What is the greatest common factor of 64 and 2823392?
32
What is the greatest common factor of 14560 and 339248?
1456
What is the greatest common divisor of 74662383 and 3?
3
What is the greatest common divisor of 6601 and 574?
287
Calculate the greatest common factor of 100845 and 98355.
1245
What is the highest common divisor of 470697332 and 56?
28
Calculate the greatest common divisor of 897 and 1024140.
39
Calculate the highest common divisor of 146647169 and 16465.
3293
Calculate the highest common factor of 4972629 and 87.
3
What is the greatest common divisor of 183496712 and 7112?
7112
Calculate the highest common factor of 228896 and 38272.
736
Calculate the highest common factor of 5066 and 236878.
34
What is the highest common divisor of 6743562 and 882318?
1842
What is the greatest common factor of 64227 and 46188969?
813
What is the greatest common factor of 380496405 and 30?
15
Calculate the greatest common divisor of 112193496 and 72.
72
Calculate the highest common factor of 235 and 21360043.
47
What is the greatest common factor of 2834 and 3144127454?
2834
Calculate the highest common divisor of 19449 and 2823.
3
What is the highest common factor of 232 and 19945304?
8
What is the highest common divisor of 33312303 and 690?
69
Calculate the highest common divisor of 5022 and 185859.
9
Calculate the greatest common divisor of 6498403 and 2253.
751
Calculate the greatest common factor of 89056 and 52105856.
8096
What is the highest common divisor of 80 and 142985?
5
Calculate the highest common factor of 1262 and 22681295.
631
Calculate the greatest common factor of 4992 and 30615.
39
What is the highest common factor of 6864 and 428142?
858
Calculate the highest common divisor of 54 and 2195738982.
54
Calculate the highest common divisor of 90601567 and 777.
259
Calculate the greatest common factor of 48347990 and 20435.
305
What is the highest common factor of 303380 and 1925?
385
Calculate the highest common factor of 212227881 and 17.
17
What is the highest common factor of 47200 and 114656?
32
Calculate the greatest common divisor of 17361 and 7479.
27
Calculate the highest common divisor of 25135 and 33715.
55
What is the greatest common divisor of 49 and 47536468?
49
Calculate the greatest common divisor of 3345161 and 23.
1
Calculate the highest common factor of 24517472 and 448.
224
Calculate the greatest common factor of 713 and 81854818.
31
What is the greatest common divisor of 30890 and 14130?
10
Calculate the highest common divisor of 16384 and 76864.
64
What is the highest common divisor of 337604328 and 48?
24
What is the highest common divisor of 271996794 and 18208?
1138
Calculate the greatest common factor of 3648050 and 78917.
1489
Calculate the greatest common factor of 90136 and 5291932.
2372
What is the greatest common factor of 64 and 15895212?
4
Calculate the greatest common divisor of 860 and 3098365.
215
Calculate the greatest common factor of 11220 and 7495.
5
What is the highest common divisor of 7 and 213721?
1
Calculate the highest common factor of 55476 and 6469992.
828
Calculate the greatest common divisor of 38 and 30928960.
38
What is the greatest common divisor of 158 and 1534886?
2
Calculate the highest common divisor of 3813186 and 3705.
741
Calculate the greatest common factor of 735 and 18426030.
105
Calculate the greatest common factor of 1011929 and 58883.
53
Calculate the greatest common divisor of 12665 and 2171675.
745
What is the greatest common divisor of 154773 and 85347?
261
Calculate the highest common factor of 1603 and 245007.
7
What is the greatest common factor of 10032764 and 1288?
28
Calculate the greatest common factor of 11975025 and 100.
25
What is the highest common factor of 2137942 and 414?
46
Calculate the greatest common factor of 4470660 and 729.
27
Calculate the greatest common divisor of 94852 and 64837.
23
What is the highest common factor of 650141 and 269261?
529
Calculate the greatest common divisor of 2447578 and 40166.
14
Calculate the highest common factor of 2515657 and 513.
19
Calculate the highest common divisor of 34392 and 598464.
24
Calculate the greatest common factor of 1992 and 199698.
498
Calculate the highest common divisor of 4437 and 10557.
153
What is the greatest common divisor of 4304784 and 8448?
528
What is the highest common factor of 7116984 and 37989?
567
Calculate the highest common factor of 15435 and 7012145.
245
Calculate the highest common factor of 2137365 and 18.
9
Calculate the greatest common factor of 824 and 230157208.
824
Calculate the highest common divisor of 2860340 and 60.
20
What is the greatest common factor of 60 and 154485?
15
What is the greatest common factor of 6380 and 971520880?
6380
Calculate the highest common factor of 12035 and 72935.
145
What is the highest common divisor of 88677 and 39825?
531
Calculate the greatest common divisor of 6230 and 1432188.
178
Calculate the highest common factor of 1421985 and 2350.
235
What is the greatest common divisor of 2825315 and 3799295?
3865
What is the highest common divisor of 4486 and 260?
2
Calculate the greatest common factor of 1843 and 3488605.
97
What is the greatest common factor of 29 and 3928427?
29
What is the greatest common factor of 23742137 and 140582?
5407
Calculate the highest common factor of 340456 and 2752.
8
Calculate the greatest common divisor of 2317468 and 228.
76
Calculate the greatest common factor of 139202 and 615002.
122
Calculate the highest common divisor of 780 and 18951660.
780
What is the highest common divisor of 70 and 5643295?
35
What is the greatest common divisor of 5258792 and 2128?
56
What is the highest common divisor of 1555125 and 200?
25
Calculate the highest common factor of 3717881 and 19184.
109
Calculate the greatest common divisor of 5678622 and 811.
811
Calculate the highest common factor of 384114 and 42.
6
What is the highest common divisor of 14 and 1478860894?
14
Calculate the greatest common divisor of 3104799 and 17853.
1623
What is the highest common divisor of 1025 and 643830175